6*g - 105, 2*g + 150 = 4*s. Does 10 divide s?
True
Suppose -11 = 4*a + 5. Does 21 divide 21*(5 + a)*3?
True
Let t be ((12/15)/(-1))/(2/(-5)). Is ((-1)/(3/2))/(t/(-591)) a multiple of 10?
False
Let t(a) be the third derivative of a**5/6 - a**4/6 - a**3/3 - 11*a**2. Is t(-3) a multiple of 20?
True
Suppose 5*v - 4*t = 280, -153 = -5*v + 5*t + 127. Is v a multiple of 9?
False
Let a = 228 + -18. Let j be 0 + -2 + 1 + 7. Does 28 divide (4/j)/(5/a)?
True
Let o(y) = -y + 24. Let l be o(0). Let n be 546/l - (-2)/8. Is n + 5/((-5)/(-2)) a multiple of 15?
False
Let g be (-638)/(3 + (-39)/12). Is (g/110)/((-2)/(-5)) a multiple of 28?
False
Let n(v) = -v**2 - 3*v + 2. Let m be n(-2). Let y be ((-12)/14)/(-6*2/42). Suppose -j = -m*f + j + 120, -92 = -y*f + j. Is 10 a factor of f?
False
Let n be (-15)/2*(-608)/(-95). Is ((-8)/(-8))/(n/50 - -1) a multiple of 20?
False
Suppose 0*y = -y + 147. Suppose -5*l = 4*w - y, -w + 5*l = w - 51. Is 11 a factor of w?
True
Suppose 3*z + 387 = 2*w, 0 = -3*w - w + 3*z + 771. Is 3 a factor of w?
True
Suppose 0 = 5*u - 127 + 12. Let x = -18 - u. Let s = -11 - x. Does 10 divide s?
True
Let b(c) = -c + 14. Let f be b(10). Suppose f*r - 37 - 19 = 0. Does 14 divide r?
True
Let c(j) = -j**3 + 5*j**2 + 7*j - 12. Let a be c(6). Does 14 divide (-268)/a + -2 - (-22)/(-33)?
True
Let c = -271 + 285. Does 6 divide c?
False
Let l = -73 + 123. Is l a multiple of 9?
False
Suppose -t = 4*a - 23, a = -0*a - t + 5. Does 6 divide 14 - 5/15*a?
True
Let i = 4 - 0. Suppose -8*f + 6 = -18. Suppose -108 = -5*q + 3*o, 4*o + 85 = i*q - f. Does 7 divide q?
True
Let s(x) = 296*x**3 + 8*x**2 - 15*x + 6. Does 99 divide s(2)?
True
Let m(p) = -3*p**2 + 4*p + 7. Let n(h) = -16*h**2 + 19*h + 36. Let i(u) = -22*m(u) + 4*n(u). Is i(8) a multiple of 11?
True
Suppose -j + 6*j = 25. Suppose -j*z + 109 = -16. Is z a multiple of 25?
True
Let s = 536 + 26. Does 9 divide s?
False
Suppose 3*a = -3*a + 24. Suppose 2*r = -4*j + 236, -20 = r + a*r. Does 14 divide j?
False
Let u(j) = 14*j - 5. Let i(o) = -o**2 - 17*o + 5. Let d be i(-17). Let r be u(d). Suppose r = 9*p - 4*p. Is p a multiple of 2?
False
Let y = -1369 + 2307. Suppose 2*u = y - 58. Suppose -n - 4*n + u = 0. Does 26 divide n?
False
Suppose -7 = -3*q - 5*m + 1, -2*m = -3*q + 43. Suppose o = 25 + q. Suppose a + o = 2*a. Does 18 divide a?
True
Suppose 0 = -45*c + 79*c - 27880. Does 10 divide c?
True
Let b be ((-6)/15 - 0)*10. Is 52 - (-3)/(-3)*b a multiple of 34?
False
Is 101 a factor of (-4 + 28*-2)*(-246)/8?
False
Suppose 4*x = 7 + 77. Let z = -17 + x. Let s(q) = -q**3 + 3*q**2 + 6*q - 1. Does 3 divide s(z)?
False
Suppose x = 5*x + z - 688, -2*x + 330 = -3*z. Let o = x + -99. Suppose 4*d - 120 = o. Is d a multiple of 13?
False
Let a = -109 + 217. Suppose -4*m + a = 5*i - 3*m, -m = -i + 18. Is 19 a factor of i?
False
Suppose -h = 0, -5*h - 6 = -5*i - 1. Is (-550)/((-2)/i) + 6 + -10 a multiple of 14?
False
Let a(r) = -10*r**3 - 12*r**2 - 115*r + 12. Does 27 divide a(-6)?
True
Let f(y) = 9*y**3 - y**2 + 1. Let x be f(-1). Let n be x/(-6) - 5/(-2). Suppose 5*o + n*a = 2*a + 41, -o - 4*a = -1. Is 5 a factor of o?
False
Let m(j) = j**3 - 38*j**2 - 50*j + 330. Is m(40) a multiple of 45?
True
Suppose 4*b = b - 3663. Let t be 4/(-6) + b/(-9). Suppose -5*n + 323 = -4*o, -203 = -5*n - o + t. Is n a multiple of 22?
False
Suppose -3*d + 11 = -2*d + 3*s, 5*d - s = 71. Is 16 a factor of 60/(5/7 - d/(-49))?
False
Let u(l) = 59*l - 2. Let p be u(1). Suppose -2*y - y + p = 0. Does 19 divide y?
True
Let j = 9 + -5. Suppose 5*y + 5*m + 50 = 0, -j*m + 31 = -3*y + 1. Is 4 a factor of -1*(-16)/(-20)*y?
True
Let k(q) = q + 2. Suppose -3*r = 2*r. Let y be k(r). Suppose 165 = y*p + p + 5*h, 3*h = 5*p - 309. Does 15 divide p?
True
Let h = 389 - 261. Let q = 243 - h. Is q a multiple of 13?
False
Let b be (-40)/10 + (-7)/(-1). Suppose 5 - 104 = -b*g. Is g a multiple of 11?
True
Suppose -4*b + 5188 = -4*s, 2*b + 2*b - 5187 = 5*s. Is 11 a factor of b?
True
Let o be -1 + 11 + 2 - -3. Let u be ((-140)/(-6))/(5/o). Let z = 147 - u. Is 37 a factor of z?
False
Let v be -6 + 19 + 4/2. Suppose 2*x - 5*y - 73 = 88, -v = -3*y. Suppose -x = -5*p + 4*n, 3*n + n = -3*p + 43. Does 5 divide p?
False
Suppose 5*c = 2*g + 14, 8 = 5*c - 2. Let v be -9*(g + 28/6). Let t = 0 - v. Does 15 divide t?
False
Is 13 a factor of 101/(1/1 + 5/(-10))?
False
Suppose -5*t + o + 377 = -629, 2*t + 2*o = 400. Does 17 divide t?
False
Let w(c) = c**3 + 30*c**2 - 3*c + 44. Let i be w(-30). Let j = i + 120. Does 54 divide j?
False
Suppose 5*c = -8 + 33. Suppose c + 31 = -2*z. Let i(y) = y**2 + 15*y - 11. Is i(z) a multiple of 18?
False
Let t = -1582 - -6562. Is t a multiple of 30?
True
Suppose -27 = -4*c + 13. Suppose -c = -q - 1. Is (4/(-6))/((-3)/q) even?
True
Suppose -19*k - 8482 = -26665. Is 33 a factor of k?
True
Suppose 0 = -4*v + 1387 - 135. Suppose -5*p + 5*t = -440, 0 = -5*p - 3*t + 151 + v. Is p a multiple of 9?
False
Let g(m) = -m**2 - 9*m + 3. Let c(p) be the first derivative of -p**2/2 + 4*p - 4. Let l be c(8). Does 23 divide g(l)?
True
Let g = 2 + -4. Let a be (11/22)/(g/664). Let n = -97 - a. Is n a multiple of 27?
False
Suppose 0 = -5*z + a - 1529 + 168, 2*z + 4*a + 562 = 0. Is z/(-15) + (2 - (-33)/(-15)) a multiple of 3?
True
Is 240/36*(2 - (-3885)/6) a multiple of 17?
False
Let w(o) = o**3 + 30*o**2 - 2*o - 4. Is 20 a factor of w(-30)?
False
Suppose 2*g = s + 109, 19 + 88 = 2*g + s. Does 9 divide g?
True
Let b(m) = 5*m + 88. Is 11 a factor of b(9)?
False
Let m = 36 + -34. Suppose -u - m*y = -230, 0 = -3*y + 5 + 10. Is u a multiple of 19?
False
Suppose 0 = w + 8 - 20. Is w a multiple of 12?
True
Let h = 753 + -305. Is 14 a factor of h?
True
Suppose -11*v + 14*v + 48 = 0. Does 14 divide 0/4 - (1 + v)?
False
Let n(i) be the first derivative of -8*i**2 - 5*i + 29. Suppose 0*s + s - 5*l = -9, 3*s - 4*l + 16 = 0. Is n(s) a multiple of 18?
False
Suppose -581 = -6*b + 5803. Is b a multiple of 28?
True
Let u be (1 - (0 + 4))*4. Let d = -5 - u. Let c = 1 + d. Is 8 a factor of c?
True
Is 10 a factor of (-44 - -41) + (131*3 - 0)?
True
Let x = -84 - -60. Let v be ((-16)/(-12) - 0)*-39. Let i = x - v. Is 14 a factor of i?
True
Is (-2)/3*-18*18 a multiple of 24?
True
Let d = -81 + 355. Does 14 divide d?
False
Suppose -4*u + 1860 = 4*w, 0 = w - 2*u - 707 + 230. Suppose 5*f + 134 = w. Does 25 divide f?
False
Let v be (-188)/20 - (-3)/(-5). Let w(f) = f**3 + 12*f**2 + 14*f + 11. Let g be w(v). Suppose -5*x = -g - 9. Is x a multiple of 3?
False
Let z = -22 - -40. Let i = z + 0. Is i a multiple of 3?
True
Let b = -15 + 46. Is 3 a factor of 9*3/9 + b?
False
Let t = 818 - 570. Is t a multiple of 8?
True
Let m(i) = 5*i**2 - 19*i - 19. Is m(16) a multiple of 87?
True
Suppose -5*s - 3*v = -15531, -64*s + 9321 = -61*s + v. Is 12 a factor of s?
True
Let h be (4 - 5/5) + 1. Let q(d) = 4*d**2 + d - 8. Is 15 a factor of q(h)?
True
Let z be 4 - 2 - 4 - 39. Let g = 185 + z. Suppose 2*w = -18 + g. Does 21 divide w?
True
Let p(f) = f**3 + 15*f**2 + 28*f + 24. Is p(-12) a multiple of 60?
True
Suppose -34*y = -18852 - 7872. Is y a multiple of 23?
False
Suppose -17163 = -5*t + z, -5*z - 13743 = -4*t - 0*t. Does 13 divide (-2)/(-5) - (3 + t/(-20))?
True
Suppose -3*f + 5*f = 16. Suppose -5*v - 6 = -f*v. Is 25 a factor of v/(-5) + (-322)/(-5)?
False
Let j(u) = -2*u - 7. Let z be j(-6). Let d be -5 + z - 4/(-1). Does 16 divide ((-70)/(-4))/(2/d)?
False
Let g = 427 + 559. Is 34 a factor of g?
True
Let l(g) = -g**2 + 13*g + 3. Let p(h) = 2*h**2 + 8*h + 3. Let y(q) = -2*q**3 + 2*q**2 + 3. Let a be y(2). Let f be p(a). Is l(f) a multiple of 3?
True
Let q(h) = -231*h**3 - 3*h**2 - 6*h - 4. Is q(-1) a multiple of 11?
False
Let z be (-7)/(7/(-3)) - -3. Does 12 divide (22 + z)/(4/10)?
False
Let f be 1/((-1)/(-94)*-2). Let u = f - -120. Does 28 divide u?
False
Suppose 0*m - m = 0. Suppose 2*p = 2*p - p. Suppose 2*n + m*n - 54 = p. Is n a multiple of 10?
False
Let r(v) = -2*v. Let q be r(-2). Suppose -z = -q, -i + 1 = -4*z + 16. Is (-9 - i)*(-4)/5 a multiple of 4?
True
Does 13 divide 54/(-9)*(-2)/(-3) - -706?
True
Let j(h) = -3369*h**3 + 4*h**2 + 2*h - 3. Is 131 a factor of j(-1)?
False
Let r be 4/(-20)*-6*175. Suppose 0*p + r = 3*p. Is p a multiple of 30?
False
Suppose -7*x + 8022 = 4*j - 2*x, -2*x - 10044